4*g(t). Determine y(-5).
-6
Let k(j) be the first derivative of j**4/4 + 7*j**3/3 + 3*j**2 + 4*j - 6. What is k(-6)?
4
Let a(k) = k**3 - 7 - 15 - 8*k**2 - 8*k + 9. Determine a(9).
-4
Let v = 2 - -2. Suppose v*h + 4*d = 9 - 1, 8 = -3*h + 4*d. Let o(i) = -i - 4. Give o(h).
-4
Let u(l) be the first derivative of -2 - 1/2*l**2 - 2/3*l**3 + 1/60*l**5 + 0*l - 1/8*l**4. Let h(a) be the second derivative of u(a). Calculate h(5).
6
Let i(f) be the third derivative of 0*f + f**2 + 0*f**3 + 1/60*f**5 + 1/8*f**4 + 0. What is i(-5)?
10
Let s = 4 + 0. Suppose -p = -s*p. Let b(k) = k + 5. Determine b(p).
5
Let x(n) = -n - 5. Let d = -8 + 4. Determine x(d).
-1
Let u be -5 + ((-20)/(-4) - 2). Let w be ((-1)/u)/((-9)/18). Let y(j) = j - 1. Calculate y(w).
-2
Let b(z) be the first derivative of 1 - 8*z + 1/2*z**2. Suppose -3*y = -w + 2, -2*w = -y - 0*y - 9. What is b(w)?
-3
Let n(l) = 6*l**3 + 11*l**2 - 4*l + 1. Let x be 22/4*2*1. Let s(q) = q**3 + 2*q**2 - q. Let u(c) = x*s(c) - 2*n(c). What is u(-2)?
12
Let o = 74 + -68. Let d(s) be the first derivative of 2 - 1/2*s**2 - o*s. Determine d(-4).
-2
Let r(v) be the third derivative of v**6/120 - v**5/20 - 5*v**4/24 - v**3/6 + 4*v**2 + 10*v. What is r(4)?
-5
Let m(v) = v**3 - 4*v**2 + 2*v + 1. Suppose 4*n = b + b + 12, 2*n - 18 = -2*b. Determine m(b).
9
Let w(h) = -h - 11. Let m be w(-13). Let u(z) = z**3 - z**2 - 4*z + 3. Determine u(m).
-1
Let d(w) be the third derivative of w**8/6720 - w**7/420 + w**6/240 - w**5/20 + w**4/24 - 2*w**2. Let t(x) be the second derivative of d(x). Determine t(6).
12
Let i(d) = d**2 + 2*d. Let g = 78 + -81. Give i(g).
3
Let q(d) = -d. Let j be -4 - (-1 + 7)/6. Calculate q(j).
5
Suppose 2*s - 1 = -m, 7 = 4*s - 1. Let r(t) = t**3 - 5 + 5*t**2 + 2 - 1 + t + 0*t. Calculate r(m).
11
Let f(o) be the second derivative of -o**3/6 - 3*o**2 + 2*o. Let h(x) = x**2 + 1. Let b be h(1). Suppose b*m = 3*m. What is f(m)?
-6
Let g(d) = -d**2 - 2*d. Let b be g(-3). Let y be ((-5)/b)/((-4)/12). Let w(n) be the first derivative of -n**4/4 - 2*n**3 - 5*n**2/2 - 7*n + 4. Give w(y).
-7
Let n(s) = 9*s. Suppose -4*w + 2*o + 12 = -2*o, -6 = -4*w - 2*o. Determine n(w).
18
Let v be (-8)/6*(-1 + -2). Let q(g) = -5*g**2 - 2*g + 3. Let i(c) = 6*c**2 + 3*c - 4. Let d(s) = v*i(s) + 5*q(s). Calculate d(2).
-1
Suppose 10 + 15 = 5*b. Let r(i) = 10 + b*i - 4*i - 6. Determine r(-5).
-1
Let q(o) = -14*o - 12. Let p(s) = 9*s + 8. Let g(m) = 8*p(m) + 5*q(m). Suppose -2*a + 2*j = 4*j + 8, -j = -5*a + 4. Let i be (a - 1)/((-1)/(-3)). What is g(i)?
-2
Suppose -23*q + 19*q + 16 = 0. Let p(a) = a**3 - 4*a**2 - 4. What is p(q)?
-4
Let f(g) = -g**3 - 5*g**2 + 15*g. Suppose -t - 19 = -x - 3*x, 0 = 3*t - 4*x + 33. Let k be f(t). Let d(l) = l + 4. What is d(k)?
-3
Suppose 2*r - 4*r = 2*k - 4, 4*k - 8 = -5*r. Let m(z) = -5 - 3*z + r*z + 3 + z**2. What is m(-3)?
16
Let x(p) = 10*p**2 - 4*p. Suppose 0*o + 180 = 5*o - t, -165 = -5*o - 2*t. Let j(d) = 90*d**2 - 35*d. Let u(q) = o*x(q) - 4*j(q). What is u(1)?
-10
Let p(h) = h**2 - 6*h + 5. Let a = 56 + -113. Let j = -36 - a. Suppose -5*i - 5*g = -5, -j + 7 = -2*i + g. Determine p(i).
0
Let z(w) = -2*w + 4 + 2 - 3 - 4. Give z(-2).
3
Let d(k) be the third derivative of -k**6/120 - k**5/60 - 17*k**3/6 - 17*k**2. Calculate d(0).
-17
Suppose -8 = d - 9. Let o(v) = -8*v**2 + v. Give o(d).
-7
Let x(f) = -3*f + 5*f - 5*f + 1. Calculate x(3).
-8
Let h(o) = -2*o**2 - 3*o - 3. Let q(p) = -p**2 + p - 1. Let b(d) = -h(d) + 3*q(d). Calculate b(6).
0
Let b(n) = n**2 - 5*n + 4. Let t(c) = 4*c - 3. Let l(q) = 2*b(q) + 3*t(q). Give l(1).
3
Let m(l) be the third derivative of l**6/120 - l**5/20 - l**3/6 + 9*l**2. Give m(2).
-5
Let b(j) = -2*j - 1. Suppose -3*k + 33 + 14 = q, -2*k = q - 33. Let a be 32/k + (-2)/7. Calculate b(a).
-5
Let b be 4 - -4*(-1)/2. Let j(g) = 4*g - 4 - 3*g**2 + 2*g**b - 5*g + 2*g**2. Let f be 1/4 + (-33)/(-12). Give j(f).
2
Suppose -c - 2 = 2*p - 4, -2*c - 2*p = -2. Let i be 10/(1 - (-2)/2). Let h(m) = -2*m**2 - 6 + i*m**2 - 4*m**2. What is h(c)?
-6
Let k be (-38)/(-8) + (-1)/(-4). Suppose k*f + 5*c = 4*c + 29, 2*f + 2*c = 18. Let o(h) = -h**2 + 4*h - 5. Calculate o(f).
-10
Let l be (4 - 0)*(0 - -4). Suppose 5*g - g - l = 0. Let a(j) = -2 + 2 - 5*j**2 + 4*j - 2 + j**3 + 5. Give a(g).
3
Let r(z) = z - 5. Let q(x) = 4*x**2 - x - 4. Let d be q(2). Suppose d - 2 = 2*y. Give r(y).
-1
Let k(t) = -3*t**2 + 2*t + 2 + t**3 - 3*t**2 + 3*t**2. Suppose -1 = -3*y + 5. What is k(y)?
2
Let z(j) be the second derivative of -2*j**3/3 - 4*j**2 - 50*j. What is z(-6)?
16
Suppose 3*a = d - 5, 11*a + 4*d = 12*a + 9. Let c(o) = o**3 - o - 1. Determine c(a).
-1
Let j be 0 + 4/(1 + 0). Let i(h) be the third derivative of -h**6/120 + h**5/15 - h**4/24 + h**3/2 + 14*h**2 - 3*h. Determine i(j).
-1
Let r(n) = 2*n - 9. Let m be (-152)/(-24) - 4/(-6). Determine r(m).
5
Suppose 210 = 8*p - 2*p. Suppose p = 3*z + 2*z. Let j(r) = -r**3 + 6*r**2 + 6*r - 1. Calculate j(z).
-8
Let p = 11 + -9. Suppose p*w - 9 + 1 = 0. Let c(l) = l. Calculate c(w).
4
Let f(v) = 2*v - 4. Let r(y) = -y + 6. Let d be r(3). What is f(d)?
2
Let u(f) be the first derivative of -f**4/4 + 2*f**3 - 3*f**2/2 - 2*f + 19. Determine u(5).
8
Let d = 61/148 - 6/37. Let g(o) be the first derivative of -2*o + 1 + 2/3*o**3 - d*o**4 + 0*o**2. Give g(2).
-2
Let h(b) = b**3 + 2*b**2 - 4 - 3*b - 5*b**2 + 2*b**2. Let l(z) = 3*z + 3. Let f be l(-7). Let u = 21 + f. Give h(u).
5
Let v(y) = -y**2 + 8*y - 8. Suppose -24 = -19*g + 15*g. Give v(g).
4
Let u(y) = y - 1. Suppose -w - 4*w = 0. Let l = 3 + -2. Suppose w*o - o + l = 0. Determine u(o).
0
Let h = -21 + 15. Let t(a) = a + 5. What is t(h)?
-1
Let f(z) = -z**3 - 6*z**2 - 3*z + 5. Suppose 2*p = -11 + 1. Give f(p).
-5
Let y(l) = l**3 + 9*l**2 + 2*l + 11. Let n = -30 + 21. What is y(n)?
-7
Let a(n) = n**3 - 7*n**2 + 6*n + 4. Let d be (-6)/30 + 62/10. Let b be a(d). Let u(v) = v**3 - 4*v**2 + 4*v - 6. What is u(b)?
10
Let l(g) = -g**2 - 3*g. Let k(d) = d - 8. Let v(w) = 4. Let x(s) = 2*k(s) + 5*v(s). Let i be x(-4). Determine l(i).
-4
Let p(i) = i**3 - 3*i**2 - 2*i - 5. Let l(r) = 2 + 1 - r**2 - 13 + 9*r. Let o be l(7). Give p(o).
3
Suppose -27 = -5*v + f, 4*f + 3 = -5*v + 20. Let m(k) = -k**2 - 2*k + 5. Let p(g) = g**2 + g - 2. Let j(d) = v*p(d) + 2*m(d). Let h = -3 + 2. Give j(h).
2
Let i(o) be the first derivative of o**3/3 - 5*o**2/2 + 4*o + 12. Suppose 28 = 3*m + 1. Suppose m - 24 = -3*c. Calculate i(c).
4
Let l(i) = -2*i**3 + 2*i + 7 + i**3 + 2*i - 6. Determine l(3).
-14
Let l(t) = -8*t**3 + 4*t**2 + 26*t - 14. Let r(m) = 3*m**3 - m**2 - 9*m + 5. Let g(c) = -4*l(c) - 11*r(c). What is g(-4)?
5
Suppose v - 3*f = 0, 0 = -5*f + f - 4. Let z(u) = -2*u - 1. Let y(a) = -1. Let n(k) = v*y(k) + z(k). Determine n(2).
-2
Let n(o) = -240*o**3 + 4*o**2 + 2 + 5*o + 241*o**3 - o. Determine n(-3).
-1
Let c(r) = 4 + 3*r - 9*r + 4*r + 1. What is c(6)?
-7
Suppose 2*d - 5 = 3. Let v be 4/14 - d/14. Let p(z) = -z**2 - z + 4. Calculate p(v).
4
Let r(s) = 5*s**3 + 3*s**2 + 8*s - 18. Let v(z) = -3*z**3 - 2*z**2 - 5*z + 12. Let k(n) = -5*r(n) - 8*v(n). Calculate k(0).
-6
Let t(b) = b**3 - 4*b**2 + 2*b + 1. Suppose f + 2*u = 7, f + 1 + 2 = 3*u. Let r be t(f). Let k(c) = 2*c - 2. What is k(r)?
-6
Let w(y) be the second derivative of y**4/12 + 5*y**3/6 + 3*y**2 + y. Let c = -66 + 62. What is w(c)?
2
Let m be ((-6)/8)/(4/48). Let t = 6 + m. Let w(x) be the first derivative of x**3/3 + x**2/2 + 1. Calculate w(t).
6
Let k(f) = f**2 - f - 1. Let t(j) = j**3 - 9*j**2 - j + 3. Let h be t(9). Let l(w) = 6*w**3 + 5*w**2 - 7*w - 5. Let b(a) = h*k(a) + l(a). Give b(1).
5
Let c(v) be the first derivative of -v**3/3 + v**2/2 + v - 1. Let k(d) = -7*d**2 + d + 3. Let t(j) = 2*c(j) - k(j). Let z be 1*-4*(-4)/16. Calculate t(z).
5
Let f(y) be the second derivative of y**5/20 - y**4/6 - y**3/6 - y**2/2 - 2*y. Let b be f(2). Let x(q) = q**3 + q**2 - 3*q - 2. What is x(b)?
-11
Suppose -3 + 0 = 3*u. Let m(j) = -5 + 3 + 3 - j**2. Determine m(u).
0
Let y(n) = -n - 8. Let h be y(-13). Let t(o) = o - 2. What is t(h)?
3
Let z(a) = a**2 - 18*a + 11. Let m be z(17). Let k(y) = y**3 + 7*y**2 + 7*y. Calculate k(m).
-6
Let x(s) be the first derivative of -5/2*s**2 + 1 - s + 1/3*s**3. Determine x(4).
-5
Let n(y) = -y**3 + y**2 - y + 1. Let q be (3/(-3))/(1 + -2)